{"id":87,"date":"2022-04-03T21:34:36","date_gmt":"2022-04-03T19:34:36","guid":{"rendered":"http:\/\/arlanc.dbegon.fr\/musee-de-la-dentelle\/?page_id=87"},"modified":"2024-04-15T15:45:08","modified_gmt":"2024-04-15T13:45:08","slug":"nous-situer","status":"publish","type":"page","link":"https:\/\/arlanc.fr\/musee-de-la-dentelle\/nous-situer\/","title":{"rendered":"Nous situer"},"content":{"rendered":"\t\t<div data-elementor-type=\"wp-page\" data-elementor-id=\"87\" class=\"elementor elementor-87\">\n\t\t\t\t\t\t<section class=\"elementor-section elementor-top-section elementor-element elementor-element-be9ffc8 elementor-section-boxed elementor-section-height-default elementor-section-height-default\" data-id=\"be9ffc8\" data-element_type=\"section\" data-e-type=\"section\">\n\t\t\t\t\t\t<div class=\"elementor-container elementor-column-gap-default\">\n\t\t\t\t\t<div class=\"elementor-column elementor-col-100 elementor-top-column elementor-element elementor-element-5cd1708\" data-id=\"5cd1708\" data-element_type=\"column\" data-e-type=\"column\">\n\t\t\t<div class=\"elementor-widget-wrap elementor-element-populated\">\n\t\t\t\t\t\t<div class=\"elementor-element elementor-element-a67f472 elementor-widget__width-inherit elementor-widget elementor-widget-google_maps\" data-id=\"a67f472\" data-element_type=\"widget\" data-e-type=\"widget\" data-widget_type=\"google_maps.default\">\n\t\t\t\t<div class=\"elementor-widget-container\">\n\t\t\t\t\t\t\t<div class=\"elementor-custom-embed\">\n\t\t\t<iframe loading=\"lazy\"\n\t\t\t\t\tsrc=\"https:\/\/maps.google.com\/maps?q=musee%20dentelle%2063220%20arlanc&#038;t=m&#038;z=14&#038;output=embed&#038;iwloc=near\"\n\t\t\t\t\ttitle=\"musee dentelle 63220 arlanc\"\n\t\t\t\t\taria-label=\"musee dentelle 63220 arlanc\"\n\t\t\t><\/iframe>\n\t\t<\/div>\n\t\t\t\t\t\t<\/div>\n\t\t\t\t<\/div>\n\t\t\t\t\t<\/div>\n\t\t<\/div>\n\t\t\t\t\t<\/div>\n\t\t<\/section>\n\t\t\t\t<\/div>\n\t\t","protected":false},"excerpt":{"rendered":"","protected":false},"author":1,"featured_media":127,"parent":0,"menu_order":0,"comment_status":"closed","ping_status":"closed","template":"","meta":{"footnotes":""},"class_list":["post-87","page","type-page","status-publish","has-post-thumbnail","hentry"],"yoast_head":"<!-- This site is optimized with the Yoast SEO plugin v18.6 - https:\/\/yoast.com\/wordpress\/plugins\/seo\/ -->\n<title>Nous situer - Le Mus\u00e9e de la Dentelle d&#039;Arlanc<\/title>\n<meta name=\"robots\" content=\"index, follow, max-snippet:-1, max-image-preview:large, max-video-preview:-1\" \/>\n<link rel=\"canonical\" href=\"https:\/\/arlanc.fr\/musee-de-la-dentelle\/nous-situer\/\" \/>\n<meta property=\"og:locale\" content=\"fr_FR\" \/>\n<meta property=\"og:type\" content=\"article\" \/>\n<meta property=\"og:title\" content=\"Nous situer - Le Mus\u00e9e de la Dentelle d&#039;Arlanc\" \/>\n<meta property=\"og:url\" content=\"https:\/\/arlanc.fr\/musee-de-la-dentelle\/nous-situer\/\" \/>\n<meta property=\"og:site_name\" content=\"Le Mus\u00e9e de la Dentelle d&#039;Arlanc\" \/>\n<meta property=\"article:modified_time\" content=\"2024-04-15T13:45:08+00:00\" \/>\n<meta property=\"og:image\" content=\"http:\/\/arlanc.fr\/musee-de-la-dentelle\/wp-content\/uploads\/2022\/04\/entete7-1024x320-1.jpg\" \/>\n\t<meta property=\"og:image:width\" content=\"1024\" \/>\n\t<meta property=\"og:image:height\" content=\"320\" \/>\n\t<meta property=\"og:image:type\" content=\"image\/jpeg\" \/>\n<meta name=\"twitter:card\" content=\"summary_large_image\" \/>\n<script type=\"application\/ld+json\" class=\"yoast-schema-graph\">{\"@context\":\"https:\/\/schema.org\",\"@graph\":[{\"@type\":\"WebSite\",\"@id\":\"https:\/\/arlanc.fr\/musee-de-la-dentelle\/#website\",\"url\":\"https:\/\/arlanc.fr\/musee-de-la-dentelle\/\",\"name\":\"Le Mus\u00e9e de la Dentelle d&#039;Arlanc\",\"description\":\"La dentelle aux fuseaux a \u00e9t\u00e9 cr\u00e9\u00e9e pour donner un aspect d\u00e9coratif aux bords des v\u00eatements en Italie puis en Flandres. La France en a import\u00e9 avant que Colbert en interdise l\u2019importation et fonde les manufactures royales (Alen\u00e7on, Chantilly\u2026)\",\"potentialAction\":[{\"@type\":\"SearchAction\",\"target\":{\"@type\":\"EntryPoint\",\"urlTemplate\":\"https:\/\/arlanc.fr\/musee-de-la-dentelle\/?s={search_term_string}\"},\"query-input\":\"required name=search_term_string\"}],\"inLanguage\":\"fr-FR\"},{\"@type\":\"ImageObject\",\"@id\":\"https:\/\/arlanc.fr\/musee-de-la-dentelle\/nous-situer\/#primaryimage\",\"inLanguage\":\"fr-FR\",\"url\":\"https:\/\/arlanc.fr\/musee-de-la-dentelle\/wp-content\/uploads\/2022\/04\/entete7-1024x320-1.jpg\",\"contentUrl\":\"https:\/\/arlanc.fr\/musee-de-la-dentelle\/wp-content\/uploads\/2022\/04\/entete7-1024x320-1.jpg\",\"width\":1024,\"height\":320,\"caption\":\"Created with GIMP\"},{\"@type\":\"WebPage\",\"@id\":\"https:\/\/arlanc.fr\/musee-de-la-dentelle\/nous-situer\/#webpage\",\"url\":\"https:\/\/arlanc.fr\/musee-de-la-dentelle\/nous-situer\/\",\"name\":\"Nous situer - Le Mus\u00e9e de la Dentelle d&#039;Arlanc\",\"isPartOf\":{\"@id\":\"https:\/\/arlanc.fr\/musee-de-la-dentelle\/#website\"},\"primaryImageOfPage\":{\"@id\":\"https:\/\/arlanc.fr\/musee-de-la-dentelle\/nous-situer\/#primaryimage\"},\"datePublished\":\"2022-04-03T19:34:36+00:00\",\"dateModified\":\"2024-04-15T13:45:08+00:00\",\"breadcrumb\":{\"@id\":\"https:\/\/arlanc.fr\/musee-de-la-dentelle\/nous-situer\/#breadcrumb\"},\"inLanguage\":\"fr-FR\",\"potentialAction\":[{\"@type\":\"ReadAction\",\"target\":[\"https:\/\/arlanc.fr\/musee-de-la-dentelle\/nous-situer\/\"]}]},{\"@type\":\"BreadcrumbList\",\"@id\":\"https:\/\/arlanc.fr\/musee-de-la-dentelle\/nous-situer\/#breadcrumb\",\"itemListElement\":[{\"@type\":\"ListItem\",\"position\":1,\"name\":\"Accueil\",\"item\":\"https:\/\/arlanc.fr\/musee-de-la-dentelle\/\"},{\"@type\":\"ListItem\",\"position\":2,\"name\":\"Nous situer\"}]}]}<\/script>\n<!-- \/ Yoast SEO plugin. -->","yoast_head_json":{"title":"Nous situer - Le Mus\u00e9e de la Dentelle d&#039;Arlanc","robots":{"index":"index","follow":"follow","max-snippet":"max-snippet:-1","max-image-preview":"max-image-preview:large","max-video-preview":"max-video-preview:-1"},"canonical":"https:\/\/arlanc.fr\/musee-de-la-dentelle\/nous-situer\/","og_locale":"fr_FR","og_type":"article","og_title":"Nous situer - Le Mus\u00e9e de la Dentelle d&#039;Arlanc","og_url":"https:\/\/arlanc.fr\/musee-de-la-dentelle\/nous-situer\/","og_site_name":"Le Mus\u00e9e de la Dentelle d&#039;Arlanc","article_modified_time":"2024-04-15T13:45:08+00:00","og_image":[{"width":1024,"height":320,"url":"http:\/\/arlanc.fr\/musee-de-la-dentelle\/wp-content\/uploads\/2022\/04\/entete7-1024x320-1.jpg","type":"image\/jpeg"}],"twitter_card":"summary_large_image","schema":{"@context":"https:\/\/schema.org","@graph":[{"@type":"WebSite","@id":"https:\/\/arlanc.fr\/musee-de-la-dentelle\/#website","url":"https:\/\/arlanc.fr\/musee-de-la-dentelle\/","name":"Le Mus\u00e9e de la Dentelle d&#039;Arlanc","description":"La dentelle aux fuseaux a \u00e9t\u00e9 cr\u00e9\u00e9e pour donner un aspect d\u00e9coratif aux bords des v\u00eatements en Italie puis en Flandres. La France en a import\u00e9 avant que Colbert en interdise l\u2019importation et fonde les manufactures royales (Alen\u00e7on, Chantilly\u2026)","potentialAction":[{"@type":"SearchAction","target":{"@type":"EntryPoint","urlTemplate":"https:\/\/arlanc.fr\/musee-de-la-dentelle\/?s={search_term_string}"},"query-input":"required name=search_term_string"}],"inLanguage":"fr-FR"},{"@type":"ImageObject","@id":"https:\/\/arlanc.fr\/musee-de-la-dentelle\/nous-situer\/#primaryimage","inLanguage":"fr-FR","url":"https:\/\/arlanc.fr\/musee-de-la-dentelle\/wp-content\/uploads\/2022\/04\/entete7-1024x320-1.jpg","contentUrl":"https:\/\/arlanc.fr\/musee-de-la-dentelle\/wp-content\/uploads\/2022\/04\/entete7-1024x320-1.jpg","width":1024,"height":320,"caption":"Created with GIMP"},{"@type":"WebPage","@id":"https:\/\/arlanc.fr\/musee-de-la-dentelle\/nous-situer\/#webpage","url":"https:\/\/arlanc.fr\/musee-de-la-dentelle\/nous-situer\/","name":"Nous situer - Le Mus\u00e9e de la Dentelle d&#039;Arlanc","isPartOf":{"@id":"https:\/\/arlanc.fr\/musee-de-la-dentelle\/#website"},"primaryImageOfPage":{"@id":"https:\/\/arlanc.fr\/musee-de-la-dentelle\/nous-situer\/#primaryimage"},"datePublished":"2022-04-03T19:34:36+00:00","dateModified":"2024-04-15T13:45:08+00:00","breadcrumb":{"@id":"https:\/\/arlanc.fr\/musee-de-la-dentelle\/nous-situer\/#breadcrumb"},"inLanguage":"fr-FR","potentialAction":[{"@type":"ReadAction","target":["https:\/\/arlanc.fr\/musee-de-la-dentelle\/nous-situer\/"]}]},{"@type":"BreadcrumbList","@id":"https:\/\/arlanc.fr\/musee-de-la-dentelle\/nous-situer\/#breadcrumb","itemListElement":[{"@type":"ListItem","position":1,"name":"Accueil","item":"https:\/\/arlanc.fr\/musee-de-la-dentelle\/"},{"@type":"ListItem","position":2,"name":"Nous situer"}]}]}},"_links":{"self":[{"href":"https:\/\/arlanc.fr\/musee-de-la-dentelle\/wp-json\/wp\/v2\/pages\/87","targetHints":{"allow":["GET"]}}],"collection":[{"href":"https:\/\/arlanc.fr\/musee-de-la-dentelle\/wp-json\/wp\/v2\/pages"}],"about":[{"href":"https:\/\/arlanc.fr\/musee-de-la-dentelle\/wp-json\/wp\/v2\/types\/page"}],"author":[{"embeddable":true,"href":"https:\/\/arlanc.fr\/musee-de-la-dentelle\/wp-json\/wp\/v2\/users\/1"}],"replies":[{"embeddable":true,"href":"https:\/\/arlanc.fr\/musee-de-la-dentelle\/wp-json\/wp\/v2\/comments?post=87"}],"version-history":[{"count":8,"href":"https:\/\/arlanc.fr\/musee-de-la-dentelle\/wp-json\/wp\/v2\/pages\/87\/revisions"}],"predecessor-version":[{"id":125,"href":"https:\/\/arlanc.fr\/musee-de-la-dentelle\/wp-json\/wp\/v2\/pages\/87\/revisions\/125"}],"wp:featuredmedia":[{"embeddable":true,"href":"https:\/\/arlanc.fr\/musee-de-la-dentelle\/wp-json\/wp\/v2\/media\/127"}],"wp:attachment":[{"href":"https:\/\/arlanc.fr\/musee-de-la-dentelle\/wp-json\/wp\/v2\/media?parent=87"}],"curies":[{"name":"wp","href":"https:\/\/api.w.org\/{rel}","templated":true}]}}

<!-- This site is optimized with the Yoast SEO plugin v18.6 - https://yoast.com/wordpress/plugins/seo/ -->
<title>Nous situer - Le Musée de la Dentelle d&#039;Arlanc</title>
<meta name="robots" content="index, follow, max-snippet:-1, max-image-preview:large, max-video-preview:-1" />
<link rel="canonical" href="https://arlanc.fr/musee-de-la-dentelle/nous-situer/" />
<meta property="og:locale" content="fr_FR" />
<meta property="og:type" content="article" />
<meta property="og:title" content="Nous situer - Le Musée de la Dentelle d&#039;Arlanc" />
<meta property="og:url" content="https://arlanc.fr/musee-de-la-dentelle/nous-situer/" />
<meta property="og:site_name" content="Le Musée de la Dentelle d&#039;Arlanc" />
<meta property="article:modified_time" content="2024-04-15T13:45:08+00:00" />
<meta property="og:image" content="http://arlanc.fr/musee-de-la-dentelle/wp-content/uploads/2022/04/entete7-1024x320-1.jpg" />
	<meta property="og:image:width" content="1024" />
	<meta property="og:image:height" content="320" />
	<meta property="og:image:type" content="image/jpeg" />
<meta name="twitter:card" content="summary_large_image" />
<script type="application/ld+json" class="yoast-schema-graph">{"@context":"https://schema.org","@graph":[{"@type":"WebSite","@id":"https://arlanc.fr/musee-de-la-dentelle/#website","url":"https://arlanc.fr/musee-de-la-dentelle/","name":"Le Musée de la Dentelle d&#039;Arlanc","description":"La dentelle aux fuseaux a été créée pour donner un aspect décoratif aux bords des vêtements en Italie puis en Flandres. La France en a importé avant que Colbert en interdise l’importation et fonde les manufactures royales (Alençon, Chantilly…)","potentialAction":[{"@type":"SearchAction","target":{"@type":"EntryPoint","urlTemplate":"https://arlanc.fr/musee-de-la-dentelle/?s={search_term_string}"},"query-input":"required name=search_term_string"}],"inLanguage":"fr-FR"},{"@type":"ImageObject","@id":"https://arlanc.fr/musee-de-la-dentelle/nous-situer/#primaryimage","inLanguage":"fr-FR","url":"https://arlanc.fr/musee-de-la-dentelle/wp-content/uploads/2022/04/entete7-1024x320-1.jpg","contentUrl":"https://arlanc.fr/musee-de-la-dentelle/wp-content/uploads/2022/04/entete7-1024x320-1.jpg","width":1024,"height":320,"caption":"Created with GIMP"},{"@type":"WebPage","@id":"https://arlanc.fr/musee-de-la-dentelle/nous-situer/#webpage","url":"https://arlanc.fr/musee-de-la-dentelle/nous-situer/","name":"Nous situer - Le Musée de la Dentelle d&#039;Arlanc","isPartOf":{"@id":"https://arlanc.fr/musee-de-la-dentelle/#website"},"primaryImageOfPage":{"@id":"https://arlanc.fr/musee-de-la-dentelle/nous-situer/#primaryimage"},"datePublished":"2022-04-03T19:34:36+00:00","dateModified":"2024-04-15T13:45:08+00:00","breadcrumb":{"@id":"https://arlanc.fr/musee-de-la-dentelle/nous-situer/#breadcrumb"},"inLanguage":"fr-FR","potentialAction":[{"@type":"ReadAction","target":["https://arlanc.fr/musee-de-la-dentelle/nous-situer/"]}]},{"@type":"BreadcrumbList","@id":"https://arlanc.fr/musee-de-la-dentelle/nous-situer/#breadcrumb","itemListElement":[{"@type":"ListItem","position":1,"name":"Accueil","item":"https://arlanc.fr/musee-de-la-dentelle/"},{"@type":"ListItem","position":2,"name":"Nous situer"}]}]}</script>
<!-- / Yoast SEO plugin. -->

Nous situer - Le Musée de la Dentelle d&#039;Arlanc

Le Musée de la Dentelle d&#039;Arlanc

La dentelle aux fuseaux a été créée pour donner un aspect décoratif aux bords des vêtements en Italie puis en Flandres. La France en a importé avant que Colbert en interdise l’importation et fonde les manufactures royales (Alençon, Chantilly…)
