{"id":1934,"date":"2024-02-14T17:28:21","date_gmt":"2024-02-14T16:28:21","guid":{"rendered":"https:\/\/arlanc.fr\/jardin-pour-la-terre\/?page_id=1934"},"modified":"2025-08-17T15:43:54","modified_gmt":"2025-08-17T13:43:54","slug":"fete-de-larbre","status":"publish","type":"page","link":"https:\/\/arlanc.fr\/jardin-pour-la-terre\/fete-de-larbre\/","title":{"rendered":"F\u00eate de l&rsquo;arbre"},"content":{"rendered":"\t\t<div data-elementor-type=\"wp-page\" data-elementor-id=\"1934\" class=\"elementor elementor-1934\">\n\t\t\t\t\t\t\t\t\t<section class=\"elementor-section elementor-top-section elementor-element elementor-element-575a654 elementor-section-boxed elementor-section-height-default elementor-section-height-default\" data-id=\"575a654\" data-element_type=\"section\">\n\t\t\t\t\t\t<div class=\"elementor-container elementor-column-gap-default\">\n\t\t\t\t\t<div class=\"elementor-column elementor-col-100 elementor-top-column elementor-element elementor-element-706d8dc\" data-id=\"706d8dc\" data-element_type=\"column\">\n\t\t\t<div class=\"elementor-widget-wrap elementor-element-populated\">\n\t\t\t\t\t\t\t\t<div class=\"elementor-element elementor-element-9d2b436 elementor-widget elementor-widget-text-editor\" data-id=\"9d2b436\" data-element_type=\"widget\" data-widget_type=\"text-editor.default\">\n\t\t\t\t<div class=\"elementor-widget-container\">\n\t\t\t<style>\/*! elementor - v3.6.4 - 13-04-2022 *\/\n.elementor-widget-text-editor.elementor-drop-cap-view-stacked .elementor-drop-cap{background-color:#818a91;color:#fff}.elementor-widget-text-editor.elementor-drop-cap-view-framed .elementor-drop-cap{color:#818a91;border:3px solid;background-color:transparent}.elementor-widget-text-editor:not(.elementor-drop-cap-view-default) .elementor-drop-cap{margin-top:8px}.elementor-widget-text-editor:not(.elementor-drop-cap-view-default) .elementor-drop-cap-letter{width:1em;height:1em}.elementor-widget-text-editor .elementor-drop-cap{float:left;text-align:center;line-height:1;font-size:50px}.elementor-widget-text-editor .elementor-drop-cap-letter{display:inline-block}<\/style>\t\t\t\t<p><b><a href=\"https:\/\/arlanc.fr\/jardin-pour-la-terre\/wp-content\/uploads\/2025\/08\/FDA2025_Programme_BD_compressed.pdf\">FDA2025_Programme \u00e0\u00a0 t\u00e9l\u00e9charger<\/a><\/b><\/p><p><b>Deux jours pour c\u00e9l\u00e9brer l\u2019arbre, explorer ses myst\u00e8res, rencontrer celles et ceux qui le racontent, le photographient, le cultivent et en font leur m\u00e9tier.<\/b><\/p><p class=\"3-TexteCxSpLast\">\u00c0 l\u2019occasion de la F\u00eate de l\u2019Arbre, le Jardin pour la Terre \u00e0 Arlanc devient le th\u00e9\u00e2tre d\u2019\u00e9changes passionnants entre sciences, art, m\u00e9tiers et nature. Durant deux jours, chercheurs, artistes, artisans, professionnels de la for\u00eat et du bois se r\u00e9unissent pour partager leurs connaissances, leurs engagements et leurs regards sur l&rsquo;or vert du territoire.<\/p><p class=\"3-TexteCxSpLast\">\u00a0<\/p>\t\t\t\t\t\t<\/div>\n\t\t\t\t<\/div>\n\t\t\t\t\t<\/div>\n\t\t<\/div>\n\t\t\t\t\t\t\t<\/div>\n\t\t<\/section>\n\t\t\t\t<section class=\"elementor-section elementor-top-section elementor-element elementor-element-fb69d52 elementor-section-boxed elementor-section-height-default elementor-section-height-default\" data-id=\"fb69d52\" data-element_type=\"section\">\n\t\t\t\t\t\t<div class=\"elementor-container elementor-column-gap-default\">\n\t\t\t\t\t<div class=\"elementor-column elementor-col-50 elementor-top-column elementor-element elementor-element-52660ba\" data-id=\"52660ba\" data-element_type=\"column\">\n\t\t\t<div class=\"elementor-widget-wrap elementor-element-populated\">\n\t\t\t\t\t\t\t\t<div class=\"elementor-element elementor-element-039fc8c elementor-widget elementor-widget-image\" data-id=\"039fc8c\" data-element_type=\"widget\" data-widget_type=\"image.default\">\n\t\t\t\t<div class=\"elementor-widget-container\">\n\t\t\t<style>\/*! elementor - v3.6.4 - 13-04-2022 *\/\n.elementor-widget-image{text-align:center}.elementor-widget-image a{display:inline-block}.elementor-widget-image a img[src$=\".svg\"]{width:48px}.elementor-widget-image img{vertical-align:middle;display:inline-block}<\/style>\t\t\t\t\t\t\t\t\t\t\t\t<img decoding=\"async\" src=\"https:\/\/arlanc.fr\/jardin-pour-la-terre\/wp-content\/uploads\/2025\/08\/FDA-2025_Couverture.jpg\" title=\"\" alt=\"\" \/>\t\t\t\t\t\t\t\t\t\t\t\t\t\t\t<\/div>\n\t\t\t\t<\/div>\n\t\t\t\t\t<\/div>\n\t\t<\/div>\n\t\t\t\t<div class=\"elementor-column elementor-col-50 elementor-top-column elementor-element elementor-element-8a90544\" data-id=\"8a90544\" data-element_type=\"column\">\n\t\t\t<div class=\"elementor-widget-wrap elementor-element-populated\">\n\t\t\t\t\t\t\t\t<div class=\"elementor-element elementor-element-ccdfd93 elementor-widget elementor-widget-image\" data-id=\"ccdfd93\" data-element_type=\"widget\" data-widget_type=\"image.default\">\n\t\t\t\t<div class=\"elementor-widget-container\">\n\t\t\t\t\t\t\t\t\t\t\t\t\t\t\t<img decoding=\"async\" src=\"https:\/\/arlanc.fr\/jardin-pour-la-terre\/wp-content\/uploads\/2025\/08\/FDA-2025_Decouverte-metiers-foret-bois.jpg\" title=\"\" alt=\"\" \/>\t\t\t\t\t\t\t\t\t\t\t\t\t\t\t<\/div>\n\t\t\t\t<\/div>\n\t\t\t\t\t<\/div>\n\t\t<\/div>\n\t\t\t\t\t\t\t<\/div>\n\t\t<\/section>\n\t\t\t\t<section class=\"elementor-section elementor-top-section elementor-element elementor-element-6f324ee elementor-section-boxed elementor-section-height-default elementor-section-height-default\" data-id=\"6f324ee\" data-element_type=\"section\">\n\t\t\t\t\t\t<div class=\"elementor-container elementor-column-gap-default\">\n\t\t\t\t\t<div class=\"elementor-column elementor-col-100 elementor-top-column elementor-element elementor-element-3682b25\" data-id=\"3682b25\" data-element_type=\"column\">\n\t\t\t<div class=\"elementor-widget-wrap elementor-element-populated\">\n\t\t\t\t\t\t\t\t<div class=\"elementor-element elementor-element-c191f7e elementor-widget elementor-widget-image\" data-id=\"c191f7e\" data-element_type=\"widget\" data-widget_type=\"image.default\">\n\t\t\t\t<div class=\"elementor-widget-container\">\n\t\t\t\t\t\t\t\t\t\t\t\t\t\t\t<img decoding=\"async\" src=\"https:\/\/arlanc.fr\/jardin-pour-la-terre\/wp-content\/uploads\/2025\/08\/FDA-2025_Stands.jpg\" title=\"\" alt=\"\" \/>\t\t\t\t\t\t\t\t\t\t\t\t\t\t\t<\/div>\n\t\t\t\t<\/div>\n\t\t\t\t\t<\/div>\n\t\t<\/div>\n\t\t\t\t\t\t\t<\/div>\n\t\t<\/section>\n\t\t\t\t<section class=\"elementor-section elementor-top-section elementor-element elementor-element-086549c elementor-section-boxed elementor-section-height-default elementor-section-height-default\" data-id=\"086549c\" data-element_type=\"section\">\n\t\t\t\t\t\t<div class=\"elementor-container elementor-column-gap-default\">\n\t\t\t\t\t<div class=\"elementor-column elementor-col-100 elementor-top-column elementor-element elementor-element-b8d812e\" data-id=\"b8d812e\" data-element_type=\"column\">\n\t\t\t<div class=\"elementor-widget-wrap elementor-element-populated\">\n\t\t\t\t\t\t\t\t<div class=\"elementor-element elementor-element-1b834e8 elementor-widget elementor-widget-image\" data-id=\"1b834e8\" data-element_type=\"widget\" data-widget_type=\"image.default\">\n\t\t\t\t<div class=\"elementor-widget-container\">\n\t\t\t\t\t\t\t\t\t\t\t\t\t\t\t<img decoding=\"async\" src=\"https:\/\/arlanc.fr\/jardin-pour-la-terre\/wp-content\/uploads\/2025\/08\/FDA-2025_Programme.jpg\" title=\"\" alt=\"\" \/>\t\t\t\t\t\t\t\t\t\t\t\t\t\t\t<\/div>\n\t\t\t\t<\/div>\n\t\t\t\t\t<\/div>\n\t\t<\/div>\n\t\t\t\t\t\t\t<\/div>\n\t\t<\/section>\n\t\t\t\t<section class=\"elementor-section elementor-top-section elementor-element elementor-element-5032394 elementor-section-boxed elementor-section-height-default elementor-section-height-default\" data-id=\"5032394\" data-element_type=\"section\">\n\t\t\t\t\t\t<div class=\"elementor-container elementor-column-gap-default\">\n\t\t\t\t\t<div class=\"elementor-column elementor-col-100 elementor-top-column elementor-element elementor-element-5e749de\" data-id=\"5e749de\" data-element_type=\"column\">\n\t\t\t<div class=\"elementor-widget-wrap elementor-element-populated\">\n\t\t\t\t\t\t\t\t<div class=\"elementor-element elementor-element-d8d1c7f elementor-widget elementor-widget-image\" data-id=\"d8d1c7f\" data-element_type=\"widget\" data-widget_type=\"image.default\">\n\t\t\t\t<div class=\"elementor-widget-container\">\n\t\t\t\t\t\t\t\t\t\t\t\t\t\t\t<img decoding=\"async\" src=\"https:\/\/arlanc.fr\/jardin-pour-la-terre\/wp-content\/uploads\/2025\/08\/FDA-2025_Chronologie_Restauration.jpg\" title=\"\" alt=\"\" \/>\t\t\t\t\t\t\t\t\t\t\t\t\t\t\t<\/div>\n\t\t\t\t<\/div>\n\t\t\t\t\t<\/div>\n\t\t<\/div>\n\t\t\t\t\t\t\t<\/div>\n\t\t<\/section>\n\t\t\t\t\t\t\t<\/div>\n\t\t","protected":false},"excerpt":{"rendered":"<p>FDA2025_Programme \u00e0\u00a0 t\u00e9l\u00e9charger Deux jours pour c\u00e9l\u00e9brer l\u2019arbre, explorer ses myst\u00e8res, rencontrer celles et ceux qui le racontent, le photographient, le cultivent et en font leur m\u00e9tier. \u00c0 l\u2019occasion de la F\u00eate de l\u2019Arbre, le Jardin pour la Terre \u00e0 Arlanc devient le th\u00e9\u00e2tre d\u2019\u00e9changes passionnants entre sciences, art, m\u00e9tiers et nature. Durant deux jours, [&hellip;]<\/p>\n","protected":false},"author":1,"featured_media":0,"parent":0,"menu_order":0,"comment_status":"closed","ping_status":"closed","template":"","meta":{"_price":"","_stock":"","_tribe_ticket_header":"","_tribe_default_ticket_provider":"","_tribe_ticket_capacity":"0","_ticket_start_date":"","_ticket_end_date":"","_tribe_ticket_show_description":"","_tribe_ticket_show_not_going":false,"_tribe_ticket_use_global_stock":"","_tribe_ticket_global_stock_level":"","_global_stock_mode":"","_global_stock_cap":"","_tribe_rsvp_for_event":"","_tribe_ticket_going_count":"","_tribe_ticket_not_going_count":"","_tribe_tickets_list":[],"_tribe_ticket_has_attendee_info_fields":false,"footnotes":""},"class_list":["post-1934","page","type-page","status-publish","hentry"],"yoast_head":"<!-- This site is optimized with the Yoast SEO plugin v27.4 - https:\/\/yoast.com\/product\/yoast-seo-wordpress\/ -->\n<title>F\u00eate de l&#039;arbre - Le Jardin pour la Terre<\/title>\n<meta name=\"description\" content=\"LA F\u00caTE DE L&#039;ARBRE LES 16 ET 17 SEPTEMBRE. Deuxi\u00e8me \u00e9dition dans le cadre des journ\u00e9es du patrimoine . Deux jours pens\u00e9s pour d\u00e9couvrir et s\u2019amuser en famille. Une bonne fa\u00e7on de clore la saison 2023 au jardin ! Plein de nouveaut\u00e9s vous attendent !\" \/>\n<meta name=\"robots\" content=\"index, follow, max-snippet:-1, max-image-preview:large, max-video-preview:-1\" \/>\n<link rel=\"canonical\" href=\"https:\/\/arlanc.fr\/jardin-pour-la-terre\/fete-de-larbre\/\" \/>\n<meta property=\"og:locale\" content=\"fr_FR\" \/>\n<meta property=\"og:type\" content=\"article\" \/>\n<meta property=\"og:title\" content=\"F\u00eate de l&#039;arbre - Le Jardin pour la Terre\" \/>\n<meta property=\"og:description\" content=\"LA F\u00caTE DE L&#039;ARBRE LES 16 ET 17 SEPTEMBRE. Deuxi\u00e8me \u00e9dition dans le cadre des journ\u00e9es du patrimoine . Deux jours pens\u00e9s pour d\u00e9couvrir et s\u2019amuser en famille. Une bonne fa\u00e7on de clore la saison 2023 au jardin ! Plein de nouveaut\u00e9s vous attendent !\" \/>\n<meta property=\"og:url\" content=\"https:\/\/arlanc.fr\/jardin-pour-la-terre\/fete-de-larbre\/\" \/>\n<meta property=\"og:site_name\" content=\"Le Jardin pour la Terre\" \/>\n<meta property=\"article:modified_time\" content=\"2025-08-17T13:43:54+00:00\" \/>\n<meta property=\"og:image\" content=\"https:\/\/arlanc.fr\/jardin-pour-la-terre\/wp-content\/uploads\/2025\/08\/FDA-2025_Couverture-724x1024.jpg\" \/>\n<meta name=\"twitter:card\" content=\"summary_large_image\" \/>\n<meta name=\"twitter:label1\" content=\"Dur\u00e9e de lecture estim\u00e9e\" \/>\n\t<meta name=\"twitter:data1\" content=\"2 minutes\" \/>\n<script type=\"application\/ld+json\" class=\"yoast-schema-graph\">{\"@context\":\"https:\\\/\\\/schema.org\",\"@graph\":[{\"@type\":\"WebPage\",\"@id\":\"https:\\\/\\\/arlanc.fr\\\/jardin-pour-la-terre\\\/fete-de-larbre\\\/\",\"url\":\"https:\\\/\\\/arlanc.fr\\\/jardin-pour-la-terre\\\/fete-de-larbre\\\/\",\"name\":\"F\u00eate de l'arbre - Le Jardin pour la Terre\",\"isPartOf\":{\"@id\":\"https:\\\/\\\/arlanc.fr\\\/jardin-pour-la-terre\\\/#website\"},\"primaryImageOfPage\":{\"@id\":\"https:\\\/\\\/arlanc.fr\\\/jardin-pour-la-terre\\\/fete-de-larbre\\\/#primaryimage\"},\"image\":{\"@id\":\"https:\\\/\\\/arlanc.fr\\\/jardin-pour-la-terre\\\/fete-de-larbre\\\/#primaryimage\"},\"thumbnailUrl\":\"https:\\\/\\\/arlanc.fr\\\/jardin-pour-la-terre\\\/wp-content\\\/uploads\\\/2025\\\/08\\\/FDA-2025_Couverture-724x1024.jpg\",\"datePublished\":\"2024-02-14T16:28:21+00:00\",\"dateModified\":\"2025-08-17T13:43:54+00:00\",\"description\":\"LA F\u00caTE DE L'ARBRE LES 16 ET 17 SEPTEMBRE. Deuxi\u00e8me \u00e9dition dans le cadre des journ\u00e9es du patrimoine . Deux jours pens\u00e9s pour d\u00e9couvrir et s\u2019amuser en famille. Une bonne fa\u00e7on de clore la saison 2023 au jardin ! Plein de nouveaut\u00e9s vous attendent !\",\"breadcrumb\":{\"@id\":\"https:\\\/\\\/arlanc.fr\\\/jardin-pour-la-terre\\\/fete-de-larbre\\\/#breadcrumb\"},\"inLanguage\":\"fr-FR\",\"potentialAction\":[{\"@type\":\"ReadAction\",\"target\":[\"https:\\\/\\\/arlanc.fr\\\/jardin-pour-la-terre\\\/fete-de-larbre\\\/\"]}]},{\"@type\":\"ImageObject\",\"inLanguage\":\"fr-FR\",\"@id\":\"https:\\\/\\\/arlanc.fr\\\/jardin-pour-la-terre\\\/fete-de-larbre\\\/#primaryimage\",\"url\":\"\",\"contentUrl\":\"\"},{\"@type\":\"BreadcrumbList\",\"@id\":\"https:\\\/\\\/arlanc.fr\\\/jardin-pour-la-terre\\\/fete-de-larbre\\\/#breadcrumb\",\"itemListElement\":[{\"@type\":\"ListItem\",\"position\":1,\"name\":\"Accueil\",\"item\":\"https:\\\/\\\/arlanc.fr\\\/jardin-pour-la-terre\\\/\"},{\"@type\":\"ListItem\",\"position\":2,\"name\":\"F\u00eate de l&rsquo;arbre\"}]},{\"@type\":\"WebSite\",\"@id\":\"https:\\\/\\\/arlanc.fr\\\/jardin-pour-la-terre\\\/#website\",\"url\":\"https:\\\/\\\/arlanc.fr\\\/jardin-pour-la-terre\\\/\",\"name\":\"Le Jardin pour la Terre\",\"description\":\"Un site utilisant WordPress\",\"publisher\":{\"@id\":\"https:\\\/\\\/arlanc.fr\\\/jardin-pour-la-terre\\\/#organization\"},\"potentialAction\":[{\"@type\":\"SearchAction\",\"target\":{\"@type\":\"EntryPoint\",\"urlTemplate\":\"https:\\\/\\\/arlanc.fr\\\/jardin-pour-la-terre\\\/?s={search_term_string}\"},\"query-input\":{\"@type\":\"PropertyValueSpecification\",\"valueRequired\":true,\"valueName\":\"search_term_string\"}}],\"inLanguage\":\"fr-FR\"},{\"@type\":\"Organization\",\"@id\":\"https:\\\/\\\/arlanc.fr\\\/jardin-pour-la-terre\\\/#organization\",\"name\":\"Le Jardin pour la Terre\",\"url\":\"https:\\\/\\\/arlanc.fr\\\/jardin-pour-la-terre\\\/\",\"logo\":{\"@type\":\"ImageObject\",\"inLanguage\":\"fr-FR\",\"@id\":\"https:\\\/\\\/arlanc.fr\\\/jardin-pour-la-terre\\\/#\\\/schema\\\/logo\\\/image\\\/\",\"url\":\"https:\\\/\\\/arlanc.fr\\\/jardin-pour-la-terre\\\/wp-content\\\/uploads\\\/2022\\\/04\\\/unnamed.png\",\"contentUrl\":\"https:\\\/\\\/arlanc.fr\\\/jardin-pour-la-terre\\\/wp-content\\\/uploads\\\/2022\\\/04\\\/unnamed.png\",\"width\":160,\"height\":160,\"caption\":\"Le Jardin pour la Terre\"},\"image\":{\"@id\":\"https:\\\/\\\/arlanc.fr\\\/jardin-pour-la-terre\\\/#\\\/schema\\\/logo\\\/image\\\/\"}}]}<\/script>\n<!-- \/ Yoast SEO plugin. -->","yoast_head_json":{"title":"F\u00eate de l'arbre - Le Jardin pour la Terre","description":"LA F\u00caTE DE L'ARBRE LES 16 ET 17 SEPTEMBRE. Deuxi\u00e8me \u00e9dition dans le cadre des journ\u00e9es du patrimoine . Deux jours pens\u00e9s pour d\u00e9couvrir et s\u2019amuser en famille. Une bonne fa\u00e7on de clore la saison 2023 au jardin ! Plein de nouveaut\u00e9s vous attendent !","robots":{"index":"index","follow":"follow","max-snippet":"max-snippet:-1","max-image-preview":"max-image-preview:large","max-video-preview":"max-video-preview:-1"},"canonical":"https:\/\/arlanc.fr\/jardin-pour-la-terre\/fete-de-larbre\/","og_locale":"fr_FR","og_type":"article","og_title":"F\u00eate de l'arbre - Le Jardin pour la Terre","og_description":"LA F\u00caTE DE L'ARBRE LES 16 ET 17 SEPTEMBRE. Deuxi\u00e8me \u00e9dition dans le cadre des journ\u00e9es du patrimoine . Deux jours pens\u00e9s pour d\u00e9couvrir et s\u2019amuser en famille. Une bonne fa\u00e7on de clore la saison 2023 au jardin ! Plein de nouveaut\u00e9s vous attendent !","og_url":"https:\/\/arlanc.fr\/jardin-pour-la-terre\/fete-de-larbre\/","og_site_name":"Le Jardin pour la Terre","article_modified_time":"2025-08-17T13:43:54+00:00","og_image":[{"url":"https:\/\/arlanc.fr\/jardin-pour-la-terre\/wp-content\/uploads\/2025\/08\/FDA-2025_Couverture-724x1024.jpg","type":"","width":"","height":""}],"twitter_card":"summary_large_image","twitter_misc":{"Dur\u00e9e de lecture estim\u00e9e":"2 minutes"},"schema":{"@context":"https:\/\/schema.org","@graph":[{"@type":"WebPage","@id":"https:\/\/arlanc.fr\/jardin-pour-la-terre\/fete-de-larbre\/","url":"https:\/\/arlanc.fr\/jardin-pour-la-terre\/fete-de-larbre\/","name":"F\u00eate de l'arbre - Le Jardin pour la Terre","isPartOf":{"@id":"https:\/\/arlanc.fr\/jardin-pour-la-terre\/#website"},"primaryImageOfPage":{"@id":"https:\/\/arlanc.fr\/jardin-pour-la-terre\/fete-de-larbre\/#primaryimage"},"image":{"@id":"https:\/\/arlanc.fr\/jardin-pour-la-terre\/fete-de-larbre\/#primaryimage"},"thumbnailUrl":"https:\/\/arlanc.fr\/jardin-pour-la-terre\/wp-content\/uploads\/2025\/08\/FDA-2025_Couverture-724x1024.jpg","datePublished":"2024-02-14T16:28:21+00:00","dateModified":"2025-08-17T13:43:54+00:00","description":"LA F\u00caTE DE L'ARBRE LES 16 ET 17 SEPTEMBRE. Deuxi\u00e8me \u00e9dition dans le cadre des journ\u00e9es du patrimoine . Deux jours pens\u00e9s pour d\u00e9couvrir et s\u2019amuser en famille. Une bonne fa\u00e7on de clore la saison 2023 au jardin ! Plein de nouveaut\u00e9s vous attendent !","breadcrumb":{"@id":"https:\/\/arlanc.fr\/jardin-pour-la-terre\/fete-de-larbre\/#breadcrumb"},"inLanguage":"fr-FR","potentialAction":[{"@type":"ReadAction","target":["https:\/\/arlanc.fr\/jardin-pour-la-terre\/fete-de-larbre\/"]}]},{"@type":"ImageObject","inLanguage":"fr-FR","@id":"https:\/\/arlanc.fr\/jardin-pour-la-terre\/fete-de-larbre\/#primaryimage","url":"","contentUrl":""},{"@type":"BreadcrumbList","@id":"https:\/\/arlanc.fr\/jardin-pour-la-terre\/fete-de-larbre\/#breadcrumb","itemListElement":[{"@type":"ListItem","position":1,"name":"Accueil","item":"https:\/\/arlanc.fr\/jardin-pour-la-terre\/"},{"@type":"ListItem","position":2,"name":"F\u00eate de l&rsquo;arbre"}]},{"@type":"WebSite","@id":"https:\/\/arlanc.fr\/jardin-pour-la-terre\/#website","url":"https:\/\/arlanc.fr\/jardin-pour-la-terre\/","name":"Le Jardin pour la Terre","description":"Un site utilisant WordPress","publisher":{"@id":"https:\/\/arlanc.fr\/jardin-pour-la-terre\/#organization"},"potentialAction":[{"@type":"SearchAction","target":{"@type":"EntryPoint","urlTemplate":"https:\/\/arlanc.fr\/jardin-pour-la-terre\/?s={search_term_string}"},"query-input":{"@type":"PropertyValueSpecification","valueRequired":true,"valueName":"search_term_string"}}],"inLanguage":"fr-FR"},{"@type":"Organization","@id":"https:\/\/arlanc.fr\/jardin-pour-la-terre\/#organization","name":"Le Jardin pour la Terre","url":"https:\/\/arlanc.fr\/jardin-pour-la-terre\/","logo":{"@type":"ImageObject","inLanguage":"fr-FR","@id":"https:\/\/arlanc.fr\/jardin-pour-la-terre\/#\/schema\/logo\/image\/","url":"https:\/\/arlanc.fr\/jardin-pour-la-terre\/wp-content\/uploads\/2022\/04\/unnamed.png","contentUrl":"https:\/\/arlanc.fr\/jardin-pour-la-terre\/wp-content\/uploads\/2022\/04\/unnamed.png","width":160,"height":160,"caption":"Le Jardin pour la Terre"},"image":{"@id":"https:\/\/arlanc.fr\/jardin-pour-la-terre\/#\/schema\/logo\/image\/"}}]}},"ticketed":false,"_links":{"self":[{"href":"https:\/\/arlanc.fr\/jardin-pour-la-terre\/wp-json\/wp\/v2\/pages\/1934","targetHints":{"allow":["GET"]}}],"collection":[{"href":"https:\/\/arlanc.fr\/jardin-pour-la-terre\/wp-json\/wp\/v2\/pages"}],"about":[{"href":"https:\/\/arlanc.fr\/jardin-pour-la-terre\/wp-json\/wp\/v2\/types\/page"}],"author":[{"embeddable":true,"href":"https:\/\/arlanc.fr\/jardin-pour-la-terre\/wp-json\/wp\/v2\/users\/1"}],"replies":[{"embeddable":true,"href":"https:\/\/arlanc.fr\/jardin-pour-la-terre\/wp-json\/wp\/v2\/comments?post=1934"}],"version-history":[{"count":18,"href":"https:\/\/arlanc.fr\/jardin-pour-la-terre\/wp-json\/wp\/v2\/pages\/1934\/revisions"}],"predecessor-version":[{"id":3130,"href":"https:\/\/arlanc.fr\/jardin-pour-la-terre\/wp-json\/wp\/v2\/pages\/1934\/revisions\/3130"}],"wp:attachment":[{"href":"https:\/\/arlanc.fr\/jardin-pour-la-terre\/wp-json\/wp\/v2\/media?parent=1934"}],"curies":[{"name":"wp","href":"https:\/\/api.w.org\/{rel}","templated":true}]}}