{"id":2894,"date":"2025-02-10T14:29:28","date_gmt":"2025-02-10T13:29:28","guid":{"rendered":"https:\/\/arlanc.fr\/jardin-pour-la-terre\/?post_type=lsvr_event&#038;p=2894"},"modified":"2025-02-10T14:30:48","modified_gmt":"2025-02-10T13:30:48","slug":"atelier-semis-association-grainaille","status":"publish","type":"lsvr_event","link":"https:\/\/arlanc.fr\/jardin-pour-la-terre\/events\/atelier-semis-association-grainaille\/","title":{"rendered":"Atelier semis &#8211; Association Grainaille"},"content":{"rendered":"<p>L&rsquo;association Grainaille vous invite t \u00e0 participer \u00e0 un atelier de semis, id\u00e9al pour pr\u00e9parer votre jardin pour l&rsquo;hiver et le printemps \u00e0 venir. Cet atelier est l\u2019occasion exceptionnelle les bases du semis. D\u00e9couvrez dix plantes rigolotes et sympas que vous pourrez ramener chez vous pour \u00e9gayer votre hiver. <em>A partir de 6 ans- 10\u20ac avec entr\u00e9e du jardin<\/em><\/p>\n","protected":false},"excerpt":{"rendered":"<p>L&rsquo;association Grainaille vous invite t \u00e0 participer \u00e0 un atelier de semis, id\u00e9al pour pr\u00e9parer votre jardin pour l&rsquo;hiver et le printemps \u00e0 venir. Cet atelier est l\u2019occasion exceptionnelle les bases du semis. D\u00e9couvrez dix plantes rigolotes et sympas que vous pourrez ramener chez vous pour \u00e9gayer votre hiver. A partir de 6 ans- 10\u20ac [&hellip;]<\/p>\n","protected":false},"author":1,"featured_media":0,"template":"","meta":{"_price":"","_stock":"","_tribe_ticket_header":"","_tribe_default_ticket_provider":"","_tribe_ticket_capacity":"0","_ticket_start_date":"","_ticket_end_date":"","_tribe_ticket_show_description":"","_tribe_ticket_show_not_going":false,"_tribe_ticket_use_global_stock":"","_tribe_ticket_global_stock_level":"","_global_stock_mode":"","_global_stock_cap":"","_tribe_rsvp_for_event":"","_tribe_ticket_going_count":"","_tribe_ticket_not_going_count":"","_tribe_tickets_list":[],"_tribe_ticket_has_attendee_info_fields":false,"footnotes":""},"lsvr_event_cat":[],"lsvr_event_tag":[],"class_list":["post-2894","lsvr_event","type-lsvr_event","status-publish","hentry"],"yoast_head":"<!-- This site is optimized with the Yoast SEO plugin v27.5 - https:\/\/yoast.com\/product\/yoast-seo-wordpress\/ -->\n<title>Atelier semis - Association Grainaille - Le Jardin pour la Terre<\/title>\n<meta name=\"description\" content=\"L&#039;association Grainaille vous invite t \u00e0 participer \u00e0 un atelier de semis, id\u00e9al pour pr\u00e9parer votre jardin pour l&#039;hiver et le printemps \u00e0 venir. Cet atelier est l\u2019occasion exceptionnelle les bases du semis. D\u00e9couvrez dix plantes rigolotes et sympas que vous pourrez ramener chez vous pour \u00e9gayer votre hiver. A partir de 6 ans- 10\u20ac avec entr\u00e9e du jardin\" \/>\n<meta name=\"robots\" content=\"index, follow, max-snippet:-1, max-image-preview:large, max-video-preview:-1\" \/>\n<link rel=\"canonical\" href=\"https:\/\/arlanc.fr\/jardin-pour-la-terre\/events\/atelier-semis-association-grainaille\/\" \/>\n<meta property=\"og:locale\" content=\"fr_FR\" \/>\n<meta property=\"og:type\" content=\"article\" \/>\n<meta property=\"og:title\" content=\"Atelier semis - Association Grainaille - Le Jardin pour la Terre\" \/>\n<meta property=\"og:description\" content=\"L&#039;association Grainaille vous invite t \u00e0 participer \u00e0 un atelier de semis, id\u00e9al pour pr\u00e9parer votre jardin pour l&#039;hiver et le printemps \u00e0 venir. Cet atelier est l\u2019occasion exceptionnelle les bases du semis. D\u00e9couvrez dix plantes rigolotes et sympas que vous pourrez ramener chez vous pour \u00e9gayer votre hiver. A partir de 6 ans- 10\u20ac avec entr\u00e9e du jardin\" \/>\n<meta property=\"og:url\" content=\"https:\/\/arlanc.fr\/jardin-pour-la-terre\/events\/atelier-semis-association-grainaille\/\" \/>\n<meta property=\"og:site_name\" content=\"Le Jardin pour la Terre\" \/>\n<meta property=\"article:modified_time\" content=\"2025-02-10T13:30:48+00:00\" \/>\n<meta name=\"twitter:card\" content=\"summary_large_image\" \/>\n<meta name=\"twitter:label1\" content=\"Dur\u00e9e de lecture estim\u00e9e\" \/>\n\t<meta name=\"twitter:data1\" content=\"1 minute\" \/>\n<script type=\"application\/ld+json\" class=\"yoast-schema-graph\">{\"@context\":\"https:\\\/\\\/schema.org\",\"@graph\":[{\"@type\":\"WebPage\",\"@id\":\"https:\\\/\\\/arlanc.fr\\\/jardin-pour-la-terre\\\/events\\\/atelier-semis-association-grainaille\\\/\",\"url\":\"https:\\\/\\\/arlanc.fr\\\/jardin-pour-la-terre\\\/events\\\/atelier-semis-association-grainaille\\\/\",\"name\":\"Atelier semis - Association Grainaille - Le Jardin pour la Terre\",\"isPartOf\":{\"@id\":\"https:\\\/\\\/arlanc.fr\\\/jardin-pour-la-terre\\\/#website\"},\"datePublished\":\"2025-02-10T13:29:28+00:00\",\"dateModified\":\"2025-02-10T13:30:48+00:00\",\"description\":\"L'association Grainaille vous invite t \u00e0 participer \u00e0 un atelier de semis, id\u00e9al pour pr\u00e9parer votre jardin pour l'hiver et le printemps \u00e0 venir. Cet atelier est l\u2019occasion exceptionnelle les bases du semis. D\u00e9couvrez dix plantes rigolotes et sympas que vous pourrez ramener chez vous pour \u00e9gayer votre hiver. A partir de 6 ans- 10\u20ac avec entr\u00e9e du jardin\",\"breadcrumb\":{\"@id\":\"https:\\\/\\\/arlanc.fr\\\/jardin-pour-la-terre\\\/events\\\/atelier-semis-association-grainaille\\\/#breadcrumb\"},\"inLanguage\":\"fr-FR\",\"potentialAction\":[{\"@type\":\"ReadAction\",\"target\":[\"https:\\\/\\\/arlanc.fr\\\/jardin-pour-la-terre\\\/events\\\/atelier-semis-association-grainaille\\\/\"]}]},{\"@type\":\"BreadcrumbList\",\"@id\":\"https:\\\/\\\/arlanc.fr\\\/jardin-pour-la-terre\\\/events\\\/atelier-semis-association-grainaille\\\/#breadcrumb\",\"itemListElement\":[{\"@type\":\"ListItem\",\"position\":1,\"name\":\"Accueil\",\"item\":\"https:\\\/\\\/arlanc.fr\\\/jardin-pour-la-terre\\\/\"},{\"@type\":\"ListItem\",\"position\":2,\"name\":\"Les \u00e9v\u00e9nements\",\"item\":\"https:\\\/\\\/arlanc.fr\\\/jardin-pour-la-terre\\\/events\\\/\"},{\"@type\":\"ListItem\",\"position\":3,\"name\":\"Atelier semis &#8211; Association Grainaille\"}]},{\"@type\":\"WebSite\",\"@id\":\"https:\\\/\\\/arlanc.fr\\\/jardin-pour-la-terre\\\/#website\",\"url\":\"https:\\\/\\\/arlanc.fr\\\/jardin-pour-la-terre\\\/\",\"name\":\"Le Jardin pour la Terre\",\"description\":\"Un site utilisant WordPress\",\"publisher\":{\"@id\":\"https:\\\/\\\/arlanc.fr\\\/jardin-pour-la-terre\\\/#organization\"},\"potentialAction\":[{\"@type\":\"SearchAction\",\"target\":{\"@type\":\"EntryPoint\",\"urlTemplate\":\"https:\\\/\\\/arlanc.fr\\\/jardin-pour-la-terre\\\/?s={search_term_string}\"},\"query-input\":{\"@type\":\"PropertyValueSpecification\",\"valueRequired\":true,\"valueName\":\"search_term_string\"}}],\"inLanguage\":\"fr-FR\"},{\"@type\":\"Organization\",\"@id\":\"https:\\\/\\\/arlanc.fr\\\/jardin-pour-la-terre\\\/#organization\",\"name\":\"Le Jardin pour la Terre\",\"url\":\"https:\\\/\\\/arlanc.fr\\\/jardin-pour-la-terre\\\/\",\"logo\":{\"@type\":\"ImageObject\",\"inLanguage\":\"fr-FR\",\"@id\":\"https:\\\/\\\/arlanc.fr\\\/jardin-pour-la-terre\\\/#\\\/schema\\\/logo\\\/image\\\/\",\"url\":\"https:\\\/\\\/arlanc.fr\\\/jardin-pour-la-terre\\\/wp-content\\\/uploads\\\/2022\\\/04\\\/unnamed.png\",\"contentUrl\":\"https:\\\/\\\/arlanc.fr\\\/jardin-pour-la-terre\\\/wp-content\\\/uploads\\\/2022\\\/04\\\/unnamed.png\",\"width\":160,\"height\":160,\"caption\":\"Le Jardin pour la Terre\"},\"image\":{\"@id\":\"https:\\\/\\\/arlanc.fr\\\/jardin-pour-la-terre\\\/#\\\/schema\\\/logo\\\/image\\\/\"}}]}<\/script>\n<!-- \/ Yoast SEO plugin. -->","yoast_head_json":{"title":"Atelier semis - Association Grainaille - Le Jardin pour la Terre","description":"L'association Grainaille vous invite t \u00e0 participer \u00e0 un atelier de semis, id\u00e9al pour pr\u00e9parer votre jardin pour l'hiver et le printemps \u00e0 venir. Cet atelier est l\u2019occasion exceptionnelle les bases du semis. D\u00e9couvrez dix plantes rigolotes et sympas que vous pourrez ramener chez vous pour \u00e9gayer votre hiver. A partir de 6 ans- 10\u20ac avec entr\u00e9e du jardin","robots":{"index":"index","follow":"follow","max-snippet":"max-snippet:-1","max-image-preview":"max-image-preview:large","max-video-preview":"max-video-preview:-1"},"canonical":"https:\/\/arlanc.fr\/jardin-pour-la-terre\/events\/atelier-semis-association-grainaille\/","og_locale":"fr_FR","og_type":"article","og_title":"Atelier semis - Association Grainaille - Le Jardin pour la Terre","og_description":"L'association Grainaille vous invite t \u00e0 participer \u00e0 un atelier de semis, id\u00e9al pour pr\u00e9parer votre jardin pour l'hiver et le printemps \u00e0 venir. Cet atelier est l\u2019occasion exceptionnelle les bases du semis. D\u00e9couvrez dix plantes rigolotes et sympas que vous pourrez ramener chez vous pour \u00e9gayer votre hiver. A partir de 6 ans- 10\u20ac avec entr\u00e9e du jardin","og_url":"https:\/\/arlanc.fr\/jardin-pour-la-terre\/events\/atelier-semis-association-grainaille\/","og_site_name":"Le Jardin pour la Terre","article_modified_time":"2025-02-10T13:30:48+00:00","twitter_card":"summary_large_image","twitter_misc":{"Dur\u00e9e de lecture estim\u00e9e":"1 minute"},"schema":{"@context":"https:\/\/schema.org","@graph":[{"@type":"WebPage","@id":"https:\/\/arlanc.fr\/jardin-pour-la-terre\/events\/atelier-semis-association-grainaille\/","url":"https:\/\/arlanc.fr\/jardin-pour-la-terre\/events\/atelier-semis-association-grainaille\/","name":"Atelier semis - Association Grainaille - Le Jardin pour la Terre","isPartOf":{"@id":"https:\/\/arlanc.fr\/jardin-pour-la-terre\/#website"},"datePublished":"2025-02-10T13:29:28+00:00","dateModified":"2025-02-10T13:30:48+00:00","description":"L'association Grainaille vous invite t \u00e0 participer \u00e0 un atelier de semis, id\u00e9al pour pr\u00e9parer votre jardin pour l'hiver et le printemps \u00e0 venir. Cet atelier est l\u2019occasion exceptionnelle les bases du semis. D\u00e9couvrez dix plantes rigolotes et sympas que vous pourrez ramener chez vous pour \u00e9gayer votre hiver. A partir de 6 ans- 10\u20ac avec entr\u00e9e du jardin","breadcrumb":{"@id":"https:\/\/arlanc.fr\/jardin-pour-la-terre\/events\/atelier-semis-association-grainaille\/#breadcrumb"},"inLanguage":"fr-FR","potentialAction":[{"@type":"ReadAction","target":["https:\/\/arlanc.fr\/jardin-pour-la-terre\/events\/atelier-semis-association-grainaille\/"]}]},{"@type":"BreadcrumbList","@id":"https:\/\/arlanc.fr\/jardin-pour-la-terre\/events\/atelier-semis-association-grainaille\/#breadcrumb","itemListElement":[{"@type":"ListItem","position":1,"name":"Accueil","item":"https:\/\/arlanc.fr\/jardin-pour-la-terre\/"},{"@type":"ListItem","position":2,"name":"Les \u00e9v\u00e9nements","item":"https:\/\/arlanc.fr\/jardin-pour-la-terre\/events\/"},{"@type":"ListItem","position":3,"name":"Atelier semis &#8211; Association Grainaille"}]},{"@type":"WebSite","@id":"https:\/\/arlanc.fr\/jardin-pour-la-terre\/#website","url":"https:\/\/arlanc.fr\/jardin-pour-la-terre\/","name":"Le Jardin pour la Terre","description":"Un site utilisant WordPress","publisher":{"@id":"https:\/\/arlanc.fr\/jardin-pour-la-terre\/#organization"},"potentialAction":[{"@type":"SearchAction","target":{"@type":"EntryPoint","urlTemplate":"https:\/\/arlanc.fr\/jardin-pour-la-terre\/?s={search_term_string}"},"query-input":{"@type":"PropertyValueSpecification","valueRequired":true,"valueName":"search_term_string"}}],"inLanguage":"fr-FR"},{"@type":"Organization","@id":"https:\/\/arlanc.fr\/jardin-pour-la-terre\/#organization","name":"Le Jardin pour la Terre","url":"https:\/\/arlanc.fr\/jardin-pour-la-terre\/","logo":{"@type":"ImageObject","inLanguage":"fr-FR","@id":"https:\/\/arlanc.fr\/jardin-pour-la-terre\/#\/schema\/logo\/image\/","url":"https:\/\/arlanc.fr\/jardin-pour-la-terre\/wp-content\/uploads\/2022\/04\/unnamed.png","contentUrl":"https:\/\/arlanc.fr\/jardin-pour-la-terre\/wp-content\/uploads\/2022\/04\/unnamed.png","width":160,"height":160,"caption":"Le Jardin pour la Terre"},"image":{"@id":"https:\/\/arlanc.fr\/jardin-pour-la-terre\/#\/schema\/logo\/image\/"}}]}},"_links":{"self":[{"href":"https:\/\/arlanc.fr\/jardin-pour-la-terre\/wp-json\/wp\/v2\/lsvr_event\/2894","targetHints":{"allow":["GET"]}}],"collection":[{"href":"https:\/\/arlanc.fr\/jardin-pour-la-terre\/wp-json\/wp\/v2\/lsvr_event"}],"about":[{"href":"https:\/\/arlanc.fr\/jardin-pour-la-terre\/wp-json\/wp\/v2\/types\/lsvr_event"}],"author":[{"embeddable":true,"href":"https:\/\/arlanc.fr\/jardin-pour-la-terre\/wp-json\/wp\/v2\/users\/1"}],"version-history":[{"count":1,"href":"https:\/\/arlanc.fr\/jardin-pour-la-terre\/wp-json\/wp\/v2\/lsvr_event\/2894\/revisions"}],"predecessor-version":[{"id":2895,"href":"https:\/\/arlanc.fr\/jardin-pour-la-terre\/wp-json\/wp\/v2\/lsvr_event\/2894\/revisions\/2895"}],"wp:attachment":[{"href":"https:\/\/arlanc.fr\/jardin-pour-la-terre\/wp-json\/wp\/v2\/media?parent=2894"}],"wp:term":[{"taxonomy":"lsvr_event_cat","embeddable":true,"href":"https:\/\/arlanc.fr\/jardin-pour-la-terre\/wp-json\/wp\/v2\/lsvr_event_cat?post=2894"},{"taxonomy":"lsvr_event_tag","embeddable":true,"href":"https:\/\/arlanc.fr\/jardin-pour-la-terre\/wp-json\/wp\/v2\/lsvr_event_tag?post=2894"}],"curies":[{"name":"wp","href":"https:\/\/api.w.org\/{rel}","templated":true}]}}

<p>L&rsquo;association Grainaille vous invite t à participer à un atelier de semis, idéal pour préparer votre jardin pour l&rsquo;hiver et le printemps à venir. Cet atelier est l’occasion exceptionnelle les bases du semis. Découvrez dix plantes rigolotes et sympas que vous pourrez ramener chez vous pour égayer votre hiver. <em>A partir de 6 ans- 10€ avec entrée du jardin</em></p>

<p>L&rsquo;association Grainaille vous invite t à participer à un atelier de semis, idéal pour préparer votre jardin pour l&rsquo;hiver et le printemps à venir. Cet atelier est l’occasion exceptionnelle les bases du semis. Découvrez dix plantes rigolotes et sympas que vous pourrez ramener chez vous pour égayer votre hiver. A partir de 6 ans- 10€ [&hellip;]</p>

<!-- This site is optimized with the Yoast SEO plugin v27.5 - https://yoast.com/product/yoast-seo-wordpress/ -->
<title>Atelier semis - Association Grainaille - Le Jardin pour la Terre</title>
<meta name="description" content="L&#039;association Grainaille vous invite t à participer à un atelier de semis, idéal pour préparer votre jardin pour l&#039;hiver et le printemps à venir. Cet atelier est l’occasion exceptionnelle les bases du semis. Découvrez dix plantes rigolotes et sympas que vous pourrez ramener chez vous pour égayer votre hiver. A partir de 6 ans- 10€ avec entrée du jardin" />
<meta name="robots" content="index, follow, max-snippet:-1, max-image-preview:large, max-video-preview:-1" />
<link rel="canonical" href="https://arlanc.fr/jardin-pour-la-terre/events/atelier-semis-association-grainaille/" />
<meta property="og:locale" content="fr_FR" />
<meta property="og:type" content="article" />
<meta property="og:title" content="Atelier semis - Association Grainaille - Le Jardin pour la Terre" />
<meta property="og:description" content="L&#039;association Grainaille vous invite t à participer à un atelier de semis, idéal pour préparer votre jardin pour l&#039;hiver et le printemps à venir. Cet atelier est l’occasion exceptionnelle les bases du semis. Découvrez dix plantes rigolotes et sympas que vous pourrez ramener chez vous pour égayer votre hiver. A partir de 6 ans- 10€ avec entrée du jardin" />
<meta property="og:url" content="https://arlanc.fr/jardin-pour-la-terre/events/atelier-semis-association-grainaille/" />
<meta property="og:site_name" content="Le Jardin pour la Terre" />
<meta property="article:modified_time" content="2025-02-10T13:30:48+00:00" />
<meta name="twitter:card" content="summary_large_image" />
<meta name="twitter:label1" content="Durée de lecture estimée" />
	<meta name="twitter:data1" content="1 minute" />
<script type="application/ld+json" class="yoast-schema-graph">{"@context":"https:\/\/schema.org","@graph":[{"@type":"WebPage","@id":"https:\/\/arlanc.fr\/jardin-pour-la-terre\/events\/atelier-semis-association-grainaille\/","url":"https:\/\/arlanc.fr\/jardin-pour-la-terre\/events\/atelier-semis-association-grainaille\/","name":"Atelier semis - Association Grainaille - Le Jardin pour la Terre","isPartOf":{"@id":"https:\/\/arlanc.fr\/jardin-pour-la-terre\/#website"},"datePublished":"2025-02-10T13:29:28+00:00","dateModified":"2025-02-10T13:30:48+00:00","description":"L'association Grainaille vous invite t à participer à un atelier de semis, idéal pour préparer votre jardin pour l'hiver et le printemps à venir. Cet atelier est l’occasion exceptionnelle les bases du semis. Découvrez dix plantes rigolotes et sympas que vous pourrez ramener chez vous pour égayer votre hiver. A partir de 6 ans- 10€ avec entrée du jardin","breadcrumb":{"@id":"https:\/\/arlanc.fr\/jardin-pour-la-terre\/events\/atelier-semis-association-grainaille\/#breadcrumb"},"inLanguage":"fr-FR","potentialAction":[{"@type":"ReadAction","target":["https:\/\/arlanc.fr\/jardin-pour-la-terre\/events\/atelier-semis-association-grainaille\/"]}]},{"@type":"BreadcrumbList","@id":"https:\/\/arlanc.fr\/jardin-pour-la-terre\/events\/atelier-semis-association-grainaille\/#breadcrumb","itemListElement":[{"@type":"ListItem","position":1,"name":"Accueil","item":"https:\/\/arlanc.fr\/jardin-pour-la-terre\/"},{"@type":"ListItem","position":2,"name":"Les événements","item":"https:\/\/arlanc.fr\/jardin-pour-la-terre\/events\/"},{"@type":"ListItem","position":3,"name":"Atelier semis &#8211; Association Grainaille"}]},{"@type":"WebSite","@id":"https:\/\/arlanc.fr\/jardin-pour-la-terre\/#website","url":"https:\/\/arlanc.fr\/jardin-pour-la-terre\/","name":"Le Jardin pour la Terre","description":"Un site utilisant WordPress","publisher":{"@id":"https:\/\/arlanc.fr\/jardin-pour-la-terre\/#organization"},"potentialAction":[{"@type":"SearchAction","target":{"@type":"EntryPoint","urlTemplate":"https:\/\/arlanc.fr\/jardin-pour-la-terre\/?s={search_term_string}"},"query-input":{"@type":"PropertyValueSpecification","valueRequired":true,"valueName":"search_term_string"}}],"inLanguage":"fr-FR"},{"@type":"Organization","@id":"https:\/\/arlanc.fr\/jardin-pour-la-terre\/#organization","name":"Le Jardin pour la Terre","url":"https:\/\/arlanc.fr\/jardin-pour-la-terre\/","logo":{"@type":"ImageObject","inLanguage":"fr-FR","@id":"https:\/\/arlanc.fr\/jardin-pour-la-terre\/#\/schema\/logo\/image\/","url":"https:\/\/arlanc.fr\/jardin-pour-la-terre\/wp-content\/uploads\/2022\/04\/unnamed.png","contentUrl":"https:\/\/arlanc.fr\/jardin-pour-la-terre\/wp-content\/uploads\/2022\/04\/unnamed.png","width":160,"height":160,"caption":"Le Jardin pour la Terre"},"image":{"@id":"https:\/\/arlanc.fr\/jardin-pour-la-terre\/#\/schema\/logo\/image\/"}}]}</script>
<!-- / Yoast SEO plugin. -->

L'association Grainaille vous invite t à participer à un atelier de semis, idéal pour préparer votre jardin pour l'hiver et le printemps à venir. Cet atelier est l’occasion exceptionnelle les bases du semis. Découvrez dix plantes rigolotes et sympas que vous pourrez ramener chez vous pour égayer votre hiver. A partir de 6 ans- 10€ avec entrée du jardin

Les événements
