{"version":"1.0","provider_name":"Le Jardin pour la Terre","provider_url":"https:\/\/arlanc.fr\/jardin-pour-la-terre","author_name":"JardinTerre","author_url":"https:\/\/arlanc.fr\/jardin-pour-la-terre\/author\/jardinterre\/","title":"La teinture arc en ciel - Le Jardin pour la Terre","type":"rich","width":600,"height":338,"html":"<blockquote class=\"wp-embedded-content\" data-secret=\"Tn00aiUaMK\"><a href=\"https:\/\/arlanc.fr\/jardin-pour-la-terre\/events\/la-teinture-arc-en-ciel\/\">La teinture arc en ciel<\/a><\/blockquote><iframe sandbox=\"allow-scripts\" security=\"restricted\" src=\"https:\/\/arlanc.fr\/jardin-pour-la-terre\/events\/la-teinture-arc-en-ciel\/embed\/#?secret=Tn00aiUaMK\" width=\"600\" height=\"338\" title=\"\u00ab\u00a0La teinture arc en ciel\u00a0\u00bb &#8212; Le Jardin pour la Terre\" data-secret=\"Tn00aiUaMK\" frameborder=\"0\" marginwidth=\"0\" marginheight=\"0\" scrolling=\"no\" class=\"wp-embedded-content\"><\/iframe><script type=\"text\/javascript\">\n\/* <![CDATA[ *\/\n\/*! This file is auto-generated *\/\n!function(d,l){\"use strict\";l.querySelector&&d.addEventListener&&\"undefined\"!=typeof URL&&(d.wp=d.wp||{},d.wp.receiveEmbedMessage||(d.wp.receiveEmbedMessage=function(e){var t=e.data;if((t||t.secret||t.message||t.value)&&!\/[^a-zA-Z0-9]\/.test(t.secret)){for(var s,r,n,a=l.querySelectorAll('iframe[data-secret=\"'+t.secret+'\"]'),o=l.querySelectorAll('blockquote[data-secret=\"'+t.secret+'\"]'),c=new RegExp(\"^https?:$\",\"i\"),i=0;i<o.length;i++)o[i].style.display=\"none\";for(i=0;i<a.length;i++)s=a[i],e.source===s.contentWindow&&(s.removeAttribute(\"style\"),\"height\"===t.message?(1e3<(r=parseInt(t.value,10))?r=1e3:~~r<200&&(r=200),s.height=r):\"link\"===t.message&&(r=new URL(s.getAttribute(\"src\")),n=new URL(t.value),c.test(n.protocol))&&n.host===r.host&&l.activeElement===s&&(d.top.location.href=t.value))}},d.addEventListener(\"message\",d.wp.receiveEmbedMessage,!1),l.addEventListener(\"DOMContentLoaded\",function(){for(var e,t,s=l.querySelectorAll(\"iframe.wp-embedded-content\"),r=0;r<s.length;r++)(t=(e=s[r]).getAttribute(\"data-secret\"))||(t=Math.random().toString(36).substring(2,12),e.src+=\"#?secret=\"+t,e.setAttribute(\"data-secret\",t)),e.contentWindow.postMessage({message:\"ready\",secret:t},\"*\")},!1)))}(window,document);\n\/\/# sourceURL=https:\/\/arlanc.fr\/jardin-pour-la-terre\/wp-includes\/js\/wp-embed.min.js\n\/* ]]> *\/\n<\/script>\n","thumbnail_url":"https:\/\/arlanc.fr\/jardin-pour-la-terre\/wp-content\/uploads\/2025\/01\/rubans.png","thumbnail_width":687,"thumbnail_height":502,"description":"Cet atelier offre une occasion unique d'explorer les principes de la teinture v\u00e9g\u00e9tale. Les participants auront l'opportunit\u00e9 de d\u00e9couvrir comment utiliser diff\u00e9rentes plantes pour cr\u00e9er une large palette de couleurs gr\u00e2ce \u00e0 leurs r\u00e9actions chimiques naturelles. C'est \u00e9galement une chance de se familiariser avec les plantes tinctoriales pr\u00e9sentes dans le jardin. A partir de 5 ans- 10\u20ac avec entr\u00e9e du jardin- Dur\u00e9e 3h A partir de 5 ans- 10\u20ac avec l'entr\u00e9e du jardin- Dur\u00e9e 3h"}

Cet atelier offre une occasion unique d'explorer les principes de la teinture végétale. Les participants auront l'opportunité de découvrir comment utiliser différentes plantes pour créer une large palette de couleurs grâce à leurs réactions chimiques naturelles. C'est également une chance de se familiariser avec les plantes tinctoriales présentes dans le jardin. A partir de 5 ans- 10€ avec entrée du jardin- Durée 3h A partir de 5 ans- 10€ avec l'entrée du jardin- Durée 3h
