{"version":"1.0","provider_name":"Le Jardin pour la Terre","provider_url":"https:\/\/arlanc.fr\/jardin-pour-la-terre","author_name":"JardinTerre","author_url":"https:\/\/arlanc.fr\/jardin-pour-la-terre\/author\/jardinterre\/","title":"Atelier semis - Association Grainaille - Le Jardin pour la Terre","type":"rich","width":600,"height":338,"html":"<blockquote class=\"wp-embedded-content\" data-secret=\"0HZCUPAjhe\"><a href=\"https:\/\/arlanc.fr\/jardin-pour-la-terre\/events\/atelier-semis-association-grainaille\/\">Atelier semis &#8211; Association Grainaille<\/a><\/blockquote><iframe sandbox=\"allow-scripts\" security=\"restricted\" src=\"https:\/\/arlanc.fr\/jardin-pour-la-terre\/events\/atelier-semis-association-grainaille\/embed\/#?secret=0HZCUPAjhe\" width=\"600\" height=\"338\" title=\"\u00ab\u00a0Atelier semis &#8211; Association Grainaille\u00a0\u00bb &#8212; Le Jardin pour la Terre\" data-secret=\"0HZCUPAjhe\" frameborder=\"0\" marginwidth=\"0\" marginheight=\"0\" scrolling=\"no\" class=\"wp-embedded-content\"><\/iframe><script type=\"text\/javascript\">\n\/* <![CDATA[ *\/\n\/*! This file is auto-generated *\/\n!function(d,l){\"use strict\";l.querySelector&&d.addEventListener&&\"undefined\"!=typeof URL&&(d.wp=d.wp||{},d.wp.receiveEmbedMessage||(d.wp.receiveEmbedMessage=function(e){var t=e.data;if((t||t.secret||t.message||t.value)&&!\/[^a-zA-Z0-9]\/.test(t.secret)){for(var s,r,n,a=l.querySelectorAll('iframe[data-secret=\"'+t.secret+'\"]'),o=l.querySelectorAll('blockquote[data-secret=\"'+t.secret+'\"]'),c=new RegExp(\"^https?:$\",\"i\"),i=0;i<o.length;i++)o[i].style.display=\"none\";for(i=0;i<a.length;i++)s=a[i],e.source===s.contentWindow&&(s.removeAttribute(\"style\"),\"height\"===t.message?(1e3<(r=parseInt(t.value,10))?r=1e3:~~r<200&&(r=200),s.height=r):\"link\"===t.message&&(r=new URL(s.getAttribute(\"src\")),n=new URL(t.value),c.test(n.protocol))&&n.host===r.host&&l.activeElement===s&&(d.top.location.href=t.value))}},d.addEventListener(\"message\",d.wp.receiveEmbedMessage,!1),l.addEventListener(\"DOMContentLoaded\",function(){for(var e,t,s=l.querySelectorAll(\"iframe.wp-embedded-content\"),r=0;r<s.length;r++)(t=(e=s[r]).getAttribute(\"data-secret\"))||(t=Math.random().toString(36).substring(2,12),e.src+=\"#?secret=\"+t,e.setAttribute(\"data-secret\",t)),e.contentWindow.postMessage({message:\"ready\",secret:t},\"*\")},!1)))}(window,document);\n\/\/# sourceURL=https:\/\/arlanc.fr\/jardin-pour-la-terre\/wp-includes\/js\/wp-embed.min.js\n\/* ]]> *\/\n<\/script>\n","description":"L'association Grainaille vous invite t \u00e0 participer \u00e0 un atelier de semis, id\u00e9al pour pr\u00e9parer votre jardin pour l'hiver et le printemps \u00e0 venir. Cet atelier est l\u2019occasion exceptionnelle les bases du semis. D\u00e9couvrez dix plantes rigolotes et sympas que vous pourrez ramener chez vous pour \u00e9gayer votre hiver. A partir de 6 ans- 10\u20ac avec entr\u00e9e du jardin"}

L'association Grainaille vous invite t à participer à un atelier de semis, idéal pour préparer votre jardin pour l'hiver et le printemps à venir. Cet atelier est l’occasion exceptionnelle les bases du semis. Découvrez dix plantes rigolotes et sympas que vous pourrez ramener chez vous pour égayer votre hiver. A partir de 6 ans- 10€ avec entrée du jardin
